{"id":70,"date":"2017-02-25T14:41:41","date_gmt":"2017-02-25T13:41:41","guid":{"rendered":"http:\/\/fishbone.dk\/?page_id=70"},"modified":"2021-04-13T21:37:38","modified_gmt":"2021-04-13T19:37:38","slug":"home","status":"publish","type":"page","link":"http:\/\/fishbone.dk\/","title":{"rendered":""},"content":{"rendered":"<table border=\"0px solid #000\">\n<tbody>\n<tr>\n<td width=\"50%\">\n<h2>Hvem er vi<\/h2>\n<p>Startet som et par venner, til at v\u00e6re en st\u00f8rrer gruppe der nu k\u00f8rer sammen og holder festlige begivenheder sammen. Vi er afslappede og har plads til enhver med den rette attitude. Vi er i alle aldre og k\u00f8rer efter lyst og behov. Vores \u00e5rlige begivenhed er Thy tr\u00e6f men har ogs\u00e5 andre ikke-k\u00f8re-relaterede begivenheder. Vi er \u00e5bne for alle slags mc og bil brands og byder alle velkommen.<\/p>\n<\/td>\n<td width=\"50%\" align=\"center\"><img src=\"\/\/fishbone.dk\/wp-content\/uploads\/2018\/04\/Fish-only-no-bg-small.png\" \/><\/td>\n<\/tr>\n<\/tbody>\n<\/table>\n","protected":false},"excerpt":{"rendered":"<p>Hvem er vi Startet som et par venner, til at v\u00e6re en st\u00f8rrer gruppe der nu k\u00f8rer sammen og holder festlige begivenheder sammen. Vi er afslappede og har plads til enhver med den rette attitude. Vi er i alle aldre og k\u00f8rer efter lyst og behov. Vores \u00e5rlige begivenhed er [&hellip;]<\/p>\n","protected":false},"author":1,"featured_media":0,"parent":0,"menu_order":0,"comment_status":"closed","ping_status":"closed","template":"","meta":{"ngg_post_thumbnail":0},"_links":{"self":[{"href":"http:\/\/fishbone.dk\/index.php?rest_route=\/wp\/v2\/pages\/70"}],"collection":[{"href":"http:\/\/fishbone.dk\/index.php?rest_route=\/wp\/v2\/pages"}],"about":[{"href":"http:\/\/fishbone.dk\/index.php?rest_route=\/wp\/v2\/types\/page"}],"author":[{"embeddable":true,"href":"http:\/\/fishbone.dk\/index.php?rest_route=\/wp\/v2\/users\/1"}],"replies":[{"embeddable":true,"href":"http:\/\/fishbone.dk\/index.php?rest_route=%2Fwp%2Fv2%2Fcomments&post=70"}],"version-history":[{"count":19,"href":"http:\/\/fishbone.dk\/index.php?rest_route=\/wp\/v2\/pages\/70\/revisions"}],"predecessor-version":[{"id":213,"href":"http:\/\/fishbone.dk\/index.php?rest_route=\/wp\/v2\/pages\/70\/revisions\/213"}],"wp:attachment":[{"href":"http:\/\/fishbone.dk\/index.php?rest_route=%2Fwp%2Fv2%2Fmedia&parent=70"}],"curies":[{"name":"wp","href":"https:\/\/api.w.org\/{rel}","templated":true}]}}